{"id":1178,"date":"2022-09-28T17:34:51","date_gmt":"2022-09-28T17:34:51","guid":{"rendered":"http:\/\/10.80.100.25\/?post_type=proyecto&#038;p=1178"},"modified":"2022-09-28T17:34:51","modified_gmt":"2022-09-28T17:34:51","slug":"mosaic-2002-2004","status":"publish","type":"proyecto","link":"https:\/\/www.facepa.org\/ca\/proyecto\/mosaic-2002-2004\/","title":{"rendered":"MOSAIC  (2002-2004)"},"content":{"rendered":"<p><strong>Modelos de Actividades Sin\u00e9rgicas en el Asesoramiento a Inmigrantes<\/strong><\/p>\n<p>Dins del context del Programa Comunitari &#8220;S\u00f2crates &#8211; Grundtvig 1&#8221; tenia la fi de definir i provar nous models, eines i compet\u00e8ncies en mat\u00e8ria d&#8217;acolliment i assessorament per als immigrants adults que accedeixen als sistemes d&#8217;educaci\u00f3 i formaci\u00f3.<\/p>","protected":false},"excerpt":{"rendered":"<p>Modelos de Actividades Sin\u00e9rgicas en el Asesoramiento a Inmigrantes Dins del context del Programa Comunitari &#8220;S\u00f2crates &#8211; Grundtvig 1&#8221; tenia la fi de definir i provar nous models, eines i&#8230;<\/p>\n","protected":false},"featured_media":0,"template":"","meta":[],"tipo":[16],"class_list":["post-1178","proyecto","type-proyecto","status-publish","hentry","tipo-finalizados"],"yoast_head":"<!-- This site is optimized with the Yoast SEO plugin v23.0 - https:\/\/yoast.com\/wordpress\/plugins\/seo\/ -->\n<title>MOSAIC (2002-2004) - Facepa.org<\/title>\n<meta name=\"robots\" content=\"index, follow, max-snippet:-1, max-image-preview:large, max-video-preview:-1\" \/>\n<link rel=\"canonical\" href=\"https:\/\/www.facepa.org\/ca\/proyecto\/mosaic-2002-2004\/\" \/>\n<meta property=\"og:locale\" content=\"ca_ES\" \/>\n<meta property=\"og:type\" content=\"article\" \/>\n<meta property=\"og:title\" content=\"MOSAIC (2002-2004) - Facepa.org\" \/>\n<meta property=\"og:description\" content=\"Modelos de Actividades Sin\u00e9rgicas en el Asesoramiento a Inmigrantes Dins del context del Programa Comunitari &#8220;S\u00f2crates &#8211; Grundtvig 1&#8221; tenia la fi de definir i provar nous models, eines i...\" \/>\n<meta property=\"og:url\" content=\"https:\/\/www.facepa.org\/ca\/proyecto\/mosaic-2002-2004\/\" \/>\n<meta property=\"og:site_name\" content=\"Facepa.org\" \/>\n<meta name=\"twitter:card\" content=\"summary_large_image\" \/>\n<meta name=\"twitter:site\" content=\"@facepa96\" \/>\n<meta name=\"twitter:label1\" content=\"Temps estimat de lectura\" \/>\n\t<meta name=\"twitter:data1\" content=\"1 minut\" \/>\n<script type=\"application\/ld+json\" class=\"yoast-schema-graph\">{\"@context\":\"https:\/\/schema.org\",\"@graph\":[{\"@type\":\"WebPage\",\"@id\":\"https:\/\/www.facepa.org\/ca\/proyecto\/mosaic-2002-2004\/\",\"url\":\"https:\/\/www.facepa.org\/ca\/proyecto\/mosaic-2002-2004\/\",\"name\":\"MOSAIC (2002-2004) - Facepa.org\",\"isPartOf\":{\"@id\":\"https:\/\/www.facepa.org\/ca\/#website\"},\"datePublished\":\"2022-09-28T17:34:51+00:00\",\"dateModified\":\"2022-09-28T17:34:51+00:00\",\"inLanguage\":\"ca\",\"potentialAction\":[{\"@type\":\"ReadAction\",\"target\":[[\"https:\/\/www.facepa.org\/ca\/proyecto\/mosaic-2002-2004\/\"]]}]},{\"@type\":\"WebSite\",\"@id\":\"https:\/\/www.facepa.org\/ca\/#website\",\"url\":\"https:\/\/www.facepa.org\/ca\/\",\"name\":\"Facepa.org\",\"description\":\"Federaci\u00f3 d&#039;associacions culturals i educatives de persones adultes\",\"publisher\":{\"@id\":\"https:\/\/www.facepa.org\/ca\/#organization\"},\"alternateName\":\"Federaci\u00f3 d'associacions culturals i educatives de persones adultes\",\"potentialAction\":[{\"@type\":\"SearchAction\",\"target\":{\"@type\":\"EntryPoint\",\"urlTemplate\":\"https:\/\/www.facepa.org\/ca\/?s={search_term_string}\"},\"query-input\":\"required name=search_term_string\"}],\"inLanguage\":\"ca\"},{\"@type\":\"Organization\",\"@id\":\"https:\/\/www.facepa.org\/ca\/#organization\",\"name\":\"FACEPA. Federaci\u00f3 d'associacions culturals i educatives de persones adultes\",\"alternateName\":\"Federaci\u00f3 d'associacions culturals i educatives de persones adultes\",\"url\":\"https:\/\/www.facepa.org\/ca\/\",\"logo\":{\"@type\":\"ImageObject\",\"inLanguage\":\"ca\",\"@id\":\"https:\/\/www.facepa.org\/ca\/#\/schema\/logo\/image\/\",\"url\":\"https:\/\/www.facepa.org\/wp-content\/uploads\/2022\/09\/Recurso-1.png\",\"contentUrl\":\"https:\/\/www.facepa.org\/wp-content\/uploads\/2022\/09\/Recurso-1.png\",\"width\":298,\"height\":130,\"caption\":\"FACEPA. Federaci\u00f3 d'associacions culturals i educatives de persones adultes\"},\"image\":{\"@id\":\"https:\/\/www.facepa.org\/ca\/#\/schema\/logo\/image\/\"},\"sameAs\":[\"https:\/\/x.com\/facepa96\"]}]}<\/script>\n<!-- \/ Yoast SEO plugin. -->","yoast_head_json":{"title":"MOSAIC (2002-2004) - Facepa.org","robots":{"index":"index","follow":"follow","max-snippet":"max-snippet:-1","max-image-preview":"max-image-preview:large","max-video-preview":"max-video-preview:-1"},"canonical":"https:\/\/www.facepa.org\/ca\/proyecto\/mosaic-2002-2004\/","og_locale":"ca_ES","og_type":"article","og_title":"MOSAIC (2002-2004) - Facepa.org","og_description":"Modelos de Actividades Sin\u00e9rgicas en el Asesoramiento a Inmigrantes Dins del context del Programa Comunitari &#8220;S\u00f2crates &#8211; Grundtvig 1&#8221; tenia la fi de definir i provar nous models, eines i...","og_url":"https:\/\/www.facepa.org\/ca\/proyecto\/mosaic-2002-2004\/","og_site_name":"Facepa.org","twitter_card":"summary_large_image","twitter_site":"@facepa96","twitter_misc":{"Temps estimat de lectura":"1 minut"},"schema":{"@context":"https:\/\/schema.org","@graph":[{"@type":"WebPage","@id":"https:\/\/www.facepa.org\/ca\/proyecto\/mosaic-2002-2004\/","url":"https:\/\/www.facepa.org\/ca\/proyecto\/mosaic-2002-2004\/","name":"MOSAIC (2002-2004) - Facepa.org","isPartOf":{"@id":"https:\/\/www.facepa.org\/ca\/#website"},"datePublished":"2022-09-28T17:34:51+00:00","dateModified":"2022-09-28T17:34:51+00:00","inLanguage":"ca","potentialAction":[{"@type":"ReadAction","target":[["https:\/\/www.facepa.org\/ca\/proyecto\/mosaic-2002-2004\/"]]}]},{"@type":"WebSite","@id":"https:\/\/www.facepa.org\/ca\/#website","url":"https:\/\/www.facepa.org\/ca\/","name":"Facepa.org","description":"Federaci\u00f3 d&#039;associacions culturals i educatives de persones adultes","publisher":{"@id":"https:\/\/www.facepa.org\/ca\/#organization"},"alternateName":"Federaci\u00f3 d'associacions culturals i educatives de persones adultes","potentialAction":[{"@type":"SearchAction","target":{"@type":"EntryPoint","urlTemplate":"https:\/\/www.facepa.org\/ca\/?s={search_term_string}"},"query-input":"required name=search_term_string"}],"inLanguage":"ca"},{"@type":"Organization","@id":"https:\/\/www.facepa.org\/ca\/#organization","name":"FACEPA. Federaci\u00f3 d'associacions culturals i educatives de persones adultes","alternateName":"Federaci\u00f3 d'associacions culturals i educatives de persones adultes","url":"https:\/\/www.facepa.org\/ca\/","logo":{"@type":"ImageObject","inLanguage":"ca","@id":"https:\/\/www.facepa.org\/ca\/#\/schema\/logo\/image\/","url":"https:\/\/www.facepa.org\/wp-content\/uploads\/2022\/09\/Recurso-1.png","contentUrl":"https:\/\/www.facepa.org\/wp-content\/uploads\/2022\/09\/Recurso-1.png","width":298,"height":130,"caption":"FACEPA. Federaci\u00f3 d'associacions culturals i educatives de persones adultes"},"image":{"@id":"https:\/\/www.facepa.org\/ca\/#\/schema\/logo\/image\/"},"sameAs":["https:\/\/x.com\/facepa96"]}]}},"_links":{"self":[{"href":"https:\/\/www.facepa.org\/ca\/wp-json\/wp\/v2\/proyecto\/1178","targetHints":{"allow":["GET"]}}],"collection":[{"href":"https:\/\/www.facepa.org\/ca\/wp-json\/wp\/v2\/proyecto"}],"about":[{"href":"https:\/\/www.facepa.org\/ca\/wp-json\/wp\/v2\/types\/proyecto"}],"wp:attachment":[{"href":"https:\/\/www.facepa.org\/ca\/wp-json\/wp\/v2\/media?parent=1178"}],"wp:term":[{"taxonomy":"tipo","embeddable":true,"href":"https:\/\/www.facepa.org\/ca\/wp-json\/wp\/v2\/tipo?post=1178"}],"curies":[{"name":"wp","href":"https:\/\/api.w.org\/{rel}","templated":true}]}}

<p><strong>Modelos de Actividades Sinérgicas en el Asesoramiento a Inmigrantes</strong></p>
<p>Dins del context del Programa Comunitari &#8220;Sòcrates &#8211; Grundtvig 1&#8221; tenia la fi de definir i provar nous models, eines i competències en matèria d&#8217;acolliment i assessorament per als immigrants adults que accedeixen als sistemes d&#8217;educació i formació.</p>

<p>Modelos de Actividades Sinérgicas en el Asesoramiento a Inmigrantes Dins del context del Programa Comunitari &#8220;Sòcrates &#8211; Grundtvig 1&#8221; tenia la fi de definir i provar nous models, eines i&#8230;</p>

<!-- This site is optimized with the Yoast SEO plugin v23.0 - https://yoast.com/wordpress/plugins/seo/ -->
<title>MOSAIC (2002-2004) - Facepa.org</title>
<meta name="robots" content="index, follow, max-snippet:-1, max-image-preview:large, max-video-preview:-1" />
<link rel="canonical" href="https://www.facepa.org/ca/proyecto/mosaic-2002-2004/" />
<meta property="og:locale" content="ca_ES" />
<meta property="og:type" content="article" />
<meta property="og:title" content="MOSAIC (2002-2004) - Facepa.org" />
<meta property="og:description" content="Modelos de Actividades Sinérgicas en el Asesoramiento a Inmigrantes Dins del context del Programa Comunitari &#8220;Sòcrates &#8211; Grundtvig 1&#8221; tenia la fi de definir i provar nous models, eines i..." />
<meta property="og:url" content="https://www.facepa.org/ca/proyecto/mosaic-2002-2004/" />
<meta property="og:site_name" content="Facepa.org" />
<meta name="twitter:card" content="summary_large_image" />
<meta name="twitter:site" content="@facepa96" />
<meta name="twitter:label1" content="Temps estimat de lectura" />
	<meta name="twitter:data1" content="1 minut" />
<script type="application/ld+json" class="yoast-schema-graph">{"@context":"https://schema.org","@graph":[{"@type":"WebPage","@id":"https://www.facepa.org/ca/proyecto/mosaic-2002-2004/","url":"https://www.facepa.org/ca/proyecto/mosaic-2002-2004/","name":"MOSAIC (2002-2004) - Facepa.org","isPartOf":{"@id":"https://www.facepa.org/ca/#website"},"datePublished":"2022-09-28T17:34:51+00:00","dateModified":"2022-09-28T17:34:51+00:00","inLanguage":"ca","potentialAction":[{"@type":"ReadAction","target":[["https://www.facepa.org/ca/proyecto/mosaic-2002-2004/"]]}]},{"@type":"WebSite","@id":"https://www.facepa.org/ca/#website","url":"https://www.facepa.org/ca/","name":"Facepa.org","description":"Federació d&#039;associacions culturals i educatives de persones adultes","publisher":{"@id":"https://www.facepa.org/ca/#organization"},"alternateName":"Federació d'associacions culturals i educatives de persones adultes","potentialAction":[{"@type":"SearchAction","target":{"@type":"EntryPoint","urlTemplate":"https://www.facepa.org/ca/?s={search_term_string}"},"query-input":"required name=search_term_string"}],"inLanguage":"ca"},{"@type":"Organization","@id":"https://www.facepa.org/ca/#organization","name":"FACEPA. Federació d'associacions culturals i educatives de persones adultes","alternateName":"Federació d'associacions culturals i educatives de persones adultes","url":"https://www.facepa.org/ca/","logo":{"@type":"ImageObject","inLanguage":"ca","@id":"https://www.facepa.org/ca/#/schema/logo/image/","url":"https://www.facepa.org/wp-content/uploads/2022/09/Recurso-1.png","contentUrl":"https://www.facepa.org/wp-content/uploads/2022/09/Recurso-1.png","width":298,"height":130,"caption":"FACEPA. Federació d'associacions culturals i educatives de persones adultes"},"image":{"@id":"https://www.facepa.org/ca/#/schema/logo/image/"},"sameAs":["https://x.com/facepa96"]}]}</script>
<!-- / Yoast SEO plugin. -->

Modelos de Actividades Sinérgicas en el Asesoramiento a Inmigrantes Dins del context del Programa Comunitari &#8220;Sòcrates &#8211; Grundtvig 1&#8221; tenia la fi de definir i provar nous models, eines i...

Federació d&#039;associacions culturals i educatives de persones adultes

Federació d'associacions culturals i educatives de persones adultes

FACEPA. Federació d'associacions culturals i educatives de persones adultes
